factors of (-288)/(-8)*(p - 3).
2, 3
Let i = 3 + 2. What are the prime factors of 2/(-5) + 317/i?
3, 7
Suppose 19700 + 7600 = 26*i. What are the prime factors of i?
2, 3, 5, 7
Let q be ((-6)/(-15))/(((-4)/(-890))/2). Let y = -71 + q. What are the prime factors of y?
107
Let p = 8010 + -5248. What are the prime factors of 3/(-15) + p/10?
2, 3, 23
Suppose -x + 462 = -3*b, 3*x + 5*b - 9*b = 1411. What are the prime factors of x?
3, 53
Let m = 25 + -10. Let w = 15 - m. Suppose 0*y - 2*y - 2*d + 18 = w, 0 = 3*d - 15. List the prime factors of y.
2
Let t(c) = 3*c**2 + c + 3. Suppose -7*j - 2 + 16 = 0. Suppose -j*d + 3 = -5. List the prime factors of t(d).
5, 11
Let m = -4426 + 7308. List the prime factors of m.
2, 11, 131
Suppose 2*q = 3*h + 38, 2*q - 18 = 5*h - 4*h. Let l(m) = 2*m**2 + 11*m + 16. What are the prime factors of l(h)?
2, 53
Let q = 10 - 6. Suppose -5*x - 5*b = -195, x + q*b = 5*x - 140. Let w = x + 10. List the prime factors of w.
47
Let c(m) = -94*m**3 - 5*m**2 + 3*m + 2. Let p(g) = 94*g**3 + 6*g**2 - 4*g - 2. Let q(f) = -7*c(f) - 6*p(f). What are the prime factors of q(1)?
2, 47
Suppose 0 = -34*z + 73*z - 45786. List the prime factors of z.
2, 587
Let w(o) = 19*o**2 - 6*o - 3. Let b(x) = -20*x**2 + 5*x + 2. Let k(i) = -4*b(i) - 3*w(i). Let j be k(1). Let z = j - 11. What are the prime factors of z?
11
Let d(l) = -21 - l + 22 + 2*l + l. Let s(k) = -k**2 - 10*k - 7. Let j be s(-8). What are the prime factors of d(j)?
19
Let d = -17 + 122. List the prime factors of (-127)/(-5) + (-42)/d.
5
Suppose -v + 249 = 2*d, 8*d - 8 = 6*d. What are the prime factors of v?
241
List the prime factors of -1 + (-69223)/(-56) - (-2)/(-16).
5, 13, 19
Suppose 4*f = 3*n + 2*n - 86, -4*f - 14 = -n. Let m = -15 + n. Suppose 101 = 2*w + m. What are the prime factors of w?
7
Suppose 2*s - 43 = 123. Let g = -139 + s. Let o = -5 - g. What are the prime factors of o?
3, 17
Let r(g) = -3*g + 6. Let f be r(4). Let d(j) = 2*j**2 + 3*j - 1. List the prime factors of d(f).
53
Let i be (-23)/(-5) - 2/(-5). Suppose 3*y - 3*s = 229 - 1, y - i*s - 88 = 0. What are the prime factors of y?
73
Let b(c) = c**3 - 6*c**2 + 4*c + 4. Let v be b(4). Let q = v - -81. List the prime factors of q.
3, 23
Let v(u) = 4 + 9*u + 53*u**2 - 48*u**2 + 1. What are the prime factors of v(-4)?
7
Suppose 2*v - 2328 - 1141 = -5*p, 4*v - 3*p = 7003. What are the prime factors of v?
1747
Let j(w) = 2*w**2 - 5*w - 4. Let s be 200/32 - 2/8. What are the prime factors of j(s)?
2, 19
Suppose 0 = y + 5*p - 214, 4*p = 5*y - 0*p - 983. List the prime factors of y.
199
Suppose 35 = 3*i + 2*h, 2*i = 2*h - 7*h + 27. Suppose -680 = -i*w + 3*w. List the prime factors of w.
5, 17
Let o be 204/28 + -7 - (-46)/(-14). Let s(n) = 7*n**2 - 5*n + 7. What are the prime factors of s(o)?
5, 17
Suppose -3*w = c - 5, -2*w - 6 = -4*c + 14. List the prime factors of w - -123*24/18.
2, 41
Let u = -12 - -9. Let j be 4 - ((-4)/2 - u). Suppose k + s - 29 = 0, 2*k + j*k + s = 161. What are the prime factors of k?
3, 11
Suppose -3*z - 45 = 2*z. Let h be (4/(-3))/(1/z). Suppose 2*g - 64 = -h. List the prime factors of g.
2, 13
Suppose 0 = -d + 4*l + 89, -d - 2*d - 3*l + 342 = 0. Let a = d - -54. List the prime factors of a.
163
Suppose -g - 2*g + 1176 = 3*u, -20 = -5*g. List the prime factors of u.
2, 97
Suppose 9 + 1 = 5*c. Suppose -c*o + 43 = 3*z, -3*o - 2*z = -2*o - 24. Let r = o + -2. What are the prime factors of r?
2, 3
Let r = 13 + -13. Suppose n - 5*q + 51 - 340 = r, -3*n = 5*q - 767. List the prime factors of n.
2, 3, 11
Let b = 30 - 28. Suppose -5*r = -5*h, -r - 2 - b = 3*h. What are the prime factors of (120/(-32))/(h/4)?
3, 5
Suppose -2*i + 1026 = -4*w, 2*w - 501 = -5*i + 4*i. What are the prime factors of i?
3, 13
Let x = 794 - 495. List the prime factors of x.
13, 23
Suppose 0 = -7*b - 263 + 26660. What are the prime factors of b?
3, 419
Let a = 55 + -35. Suppose -2*m - 2*m + a = 0. Suppose 33 = 3*w - q - 14, 55 = 3*w - m*q. What are the prime factors of w?
3, 5
Let d(h) = -78*h - 444. What are the prime factors of d(-21)?
2, 3, 199
Suppose 3*x + x = 64. Let d be (-6)/8 - (-60)/x. Suppose 26 = -d*u + 4*u. List the prime factors of u.
2, 13
Suppose -2*s + 3*k = -0 + 4, -5*s + 40 = 5*k. Let o = s + 16. Suppose -n + 4*f = -46, -5*n + o = -3*f - 125. What are the prime factors of n?
2, 13
Let h(d) = d**3 - 9*d**2 - 20*d + 122. What are the prime factors of h(16)?
2, 797
Let q(g) = -46*g + 203. What are the prime factors of q(-15)?
19, 47
Suppose 299442 = 27*g + 39*g. List the prime factors of g.
13, 349
Let z = -28 - -46. List the prime factors of 1120/z + 2 - (-4)/(-18).
2
Let z(i) = i - 16. Let b be z(12). Let s = 5 + b. Suppose s - 109 = -4*w. List the prime factors of w.
3
Let w(a) = -1044*a**3 - 4*a**2 - 7*a - 4. List the prime factors of w(-1).
7, 149
Suppose 5*c - 5 = 0, 3*r - 18 = 3*c - 6. Suppose 3*b = 5*t + 929, b - 283 = -0*b - r*t. List the prime factors of b.
3, 101
List the prime factors of -1453*1*(6 - 7).
1453
Let z = 1696 + -1218. List the prime factors of z.
2, 239
Suppose -36 - 4 = -4*l. Let i be 2/(-10) - (-22)/l. Suppose -i*f + 20 = -f. List the prime factors of f.
2, 5
Let w(r) = -r + 9. Let b be w(5). Suppose -6*q = b*q - 1970. List the prime factors of q.
197
Suppose 4*o = 4*q - 1888, -2396 = -7*q + 2*q - 4*o. List the prime factors of q.
2, 7, 17
What are the prime factors of ((-4)/3)/(8/(-1776))?
2, 37
Let x be (-494)/((-15)/3 - -3). Let g(k) = -k**3 - 3*k**2 + 9*k - 9. Let f be g(5). Let r = x + f. List the prime factors of r.
83
Suppose 3*q + 54 = 2*f + 15, -q + 4*f = 23. List the prime factors of (-2 - -1)*(q - 0).
11
Let b be (4/(-2))/((-6)/(-15)). Let s = b + 5. Suppose s = 3*m - 4*z - 22, -5*z = -5*m + 7 + 23. List the prime factors of m.
2
Let x be -117 + 9/(9/4). Let c = x - -65. What are the prime factors of (-33)/(-4)*c/(-9)?
2, 11
Let c(p) = 16*p - 360. Let q be c(24). Let r = -12 + 24. List the prime factors of (q/(-10))/(r/(-90)).
2, 3
Let j be ((-9)/(-2) + -5)*(-10 - 0). Suppose u + j*h = 2*h + 133, 4*h = 8. List the prime factors of u.
127
What are the prime factors of (45/2)/((-26)/(-1612))?
3, 5, 31
Let o(x) = -x**3 + 2*x**2 + x - 6. Let q(w) = w**3 - w**2 - w + 1. Let a(c) = -o(c) - 2*q(c). List the prime factors of a(-3).
2, 7
Let a(k) = -k**2 - 5*k + 4. Let h(t) = -t**2 + 2*t + 3. Let r be h(4). Let g be a(r). List the prime factors of (g/6)/(1/63).
2, 3, 7
Suppose -o + 0*m + m + 5 = 0, -3*o - 3*m = 3. Let k = 138 + -111. List the prime factors of 1 + k + o + -1.
29
Let k = -35 + 35. Suppose -5*s + t + 606 = 0, 476 = -k*s + 4*s - 3*t. What are the prime factors of s?
2, 61
Let j(g) be the second derivative of 11*g**4/24 + g**3/6 - 4*g**2 - 13*g. Let l(h) be the first derivative of j(h). What are the prime factors of l(3)?
2, 17
Let m be (-6)/4 + 11199/6. Let j = m - 1290. List the prime factors of (-2)/(-8) + j/20.
29
Let a be ((-8)/(-36))/1 + 4018/(-18). Let l = 371 + a. List the prime factors of l.
2, 37
Let l(a) = -a - 1. Let v(m) = 16*m + 28. Let w(n) = 36*l(n) + 2*v(n). What are the prime factors of w(-6)?
2, 11
Suppose 8*v - 8 = 16. List the prime factors of 20/(-30)*(-441)/v.
2, 7
Let c(k) = -k**3 + 13*k**2 + 22*k - 27. List the prime factors of c(12).
3, 127
Let c be (204/9 + 2)/(8/12). Let u = -6 - -9. Suppose u*w - 134 = c. What are the prime factors of w?
3, 19
Let f(v) = v**3 - 11*v**2 + 7*v + 11. Let p(m) = -m**2 - 8*m - 4. Let n be p(-3). What are the prime factors of f(n)?
2, 11
Let d = 724 + -238. List the prime factors of d.
2, 3
Let s(n) = 58*n**3 + 7*n**2 + 1. Let w(j) = -57*j**3 - 6*j**2 - 1. Let v(t) = -6*s(t) - 7*w(t). What are the prime factors of v(1)?
2, 13
Let z = 1880 + -994. List the prime factors of z.
2, 443
List the prime factors of (-1882)/(-28)*2 + 231/(-539).
2, 67
What are the prime factors of (37140/(-50))/((-28)/20 - -1)?
3, 619
Let s = 224 - 37. Suppose 3*d = 9, h - s = -5*d + 3*d. What are the prime factors of h?
181
Let n be 6/(-9)*4*12/8. What are the prime factors of 2 + -3 + n - -178?
173
Let h = 87 - 84. Suppose 0*i = 4*r - h*i - 701, -4*i - 876 = -5*r. List the prime factors of r.
2, 11
Suppose 255 = -4*r - 1. List the prime factors of ((-554)/8)/(-1) + (-48)/r.
2, 5, 7
Let g(a) = 41*a**2 - 3*a - 7. What are the prime factors